-4).
-4
Let y(v) be the second derivative of -v**4/12 + 5*v**3/3 - 6*v**2 + 68*v. What is y(5)?
13
Let s(i) = -5*i + 2. Let o = -3 + 6. Let m(x) = 4*x - 3. Suppose 0*q - 4*r + 6 = 3*q, -r = -2*q + 4. Let t(j) = o*m(j) + q*s(j). Calculate t(4).
3
Let d = -11 + 27. Suppose 0*x - 2*x = 3*l - 7, 4*l + 4*x = d. Let y(b) = b**3 - b - 1. Give y(l).
-1
Let s(v) = -v**2 + 10*v + 6. Let d be s(9). Suppose -5*t + j + d = 0, 6 = -t + 3*t + 2*j. Let p(o) = -1 + 2*o - 2*o**2 - 1 + 5 + 1. Calculate p(t).
-8
Let j(t) = 4*t + 1. Let w(l) = 27*l + 47. Let p(c) = -6*j(c) + w(c). What is p(-11)?
8
Let c(n) = 2*n**2 - 6*n - 3. Let i be (1/(15/105))/(-2 - -3). What is c(i)?
53
Let o be 3/2*(-16)/(-12). Let u = 65 - 59. Suppose -4*n = -h - u, o*h - 7*h = -5*n. Let s(b) = b**2 - 1. Calculate s(h).
3
Let f(k) be the third derivative of -1/24*k**4 + 3*k**2 + 0*k + 0*k**3 - 1/6*k**5 + 0. Let y be 2/(-2) - (-3 - -1). Determine f(y).
-11
Let i(m) be the first derivative of -m**4/4 + m**3 + 5*m**2/2 + 2*m + 369. Calculate i(-3).
41
Let t be (-1 - 6/(4 + -1)) + -3. Let s(r) = r**3 + 7*r**2 + 6*r - 8. What is s(t)?
-8
Let v be ((-27)/15)/((-6)/70). Let b(a) = -10*a + v*a - 9*a - 4*a + 3. Give b(-3).
9
Suppose 5*n + 224 = 294. Let l(k) = -k**3 + 15*k**2 - 16*k + 30. Let y be l(n). Let j(x) = -6*x**2 + 3*x - 3. Calculate j(y).
-21
Let x(t) = 4*t**2 + 2*t - 1. Let o(y) = -4*y**2 - 3*y. Let b be o(-2). Let z(w) = -2*w**2 - 19*w + 8. Let i be z(b). Give x(i).
11
Let z(v) = -3*v - 6 + v + 0*v + 0*v. Suppose 5*o - 23 = -5*a - 63, 3*o = a - 12. Give z(o).
4
Let r(d) = -17 - 20*d - 5 + d**2 - 7 - 1. Calculate r(21).
-9
Let q(z) = 81*z - 487. Let x be q(6). Let d(w) = 11*w**3 - 2*w**2 - 2*w - 1. Give d(x).
-12
Let h be (21/28)/((-2)/(-8)). Let t(k) be the third derivative of k**4/8 - k**2. What is t(h)?
9
Let o(q) = 5*q + 2*q + 2 + 4*q**2 - 5 - 3*q**2. Let d be o(-7). Let v be 9/27 + 13/d. Let p(x) = x**2 + 7*x. Determine p(v).
-12
Let x(u) = -48*u - 31. Let f(c) = -17*c - 10. Let z(k) = -17*f(k) + 6*x(k). What is z(9)?
-7
Suppose 0 = 5*w + 5*v + 125, -3*w - 9 = v + 74. Let j = w - -24. Let y(u) = -3*u - 2. Give y(j).
13
Let i(y) = 12*y**3 + 1. Let j = 216 + -215. What is i(j)?
13
Suppose -4*i + 3*v + 10 = v, -2*i = -2*v - 6. Let u(j) = 2*j - j + 0*j**i + j**2. Suppose 5*o + 5 = -0. Give u(o).
0
Let w(r) = 8*r**3. Suppose 4*u = -4, -2*d + 4*u = -3*d - 3. Suppose -2*g + 8 = -2*l, 4*g - l - 4*l = 18. Let b = g - d. Calculate w(b).
8
Let u(t) = t**3 + 19*t**2 + t + 28. Let b = 1558 + -1577. Give u(b).
9
Let x(v) be the third derivative of -v**6/120 + 4*v**5/15 - 13*v**4/24 - 3*v**3 + 399*v**2. Calculate x(15).
12
Let t = 122 + -119. Suppose -x + 5*p = 8, t*x + p + 12 = 4*p. Let k(b) = -b**2 - 3*b + 2. Give k(x).
2
Let a = 98 - 24. Let h(d) = -a*d**3 - 2*d - d**2 + 2 + 75*d**3 - d**2. What is h(3)?
5
Let v be (-2)/(3/((-300)/(-4))). Let z = -32 - v. Let c = z - 23. Let o(m) = 2*m + 5. What is o(c)?
-5
Let c(x) be the second derivative of x**5/20 - 5*x**4/12 + 3*x**2/2 - 8*x. Suppose w - 5*g + 7 = 0, 4 = -2*w + 2*g + 3*g. Let o be 10/(-3)*w/(-2). Give c(o).
3
Let c be 8/6 - 4/(-6). Let b(t) = 0*t**2 - 8*t**c + t**3 - 7 - 2. Let d be b(8). Let j(f) = f**3 + 9*f**2 + 1. Give j(d).
1
Let m be 5 + -1 + 2*-1. Let p(b) = 2*b**3 - 2*b**2 + b + 1. What is p(m)?
11
Let z = 21 - 23. Let b(o) = 17*o**2 - 6*o - 15. Let d(q) = 8*q**2 - 3*q - 7. Let g(f) = -4*b(f) + 9*d(f). What is g(z)?
19
Let i be (-4)/24 + 92/(-24) + 1. Let s(f) = -3*f - 3. What is s(i)?
6
Let f(v) = 4*v - 12*v**2 - v + 9*v**2 + 3. Let w be f(2). Let s(z) = z**3 + 2*z**2 - 3*z - 2. Give s(w).
-2
Let m(n) = -7*n**3 - n**2 - 19*n + 30. Let a(u) = 3*u**3 + u**2 + 9*u - 14. Let f(q) = 9*a(q) + 4*m(q). Calculate f(6).
-12
Let w(o) = 1 + 3 + 37*o - 3*o - 3 + o. Calculate w(-1).
-34
Let t be (-1 + -3)/(2 + -1). Suppose -4*p - 4*u = -28, -3*p - 6*u + 29 = -u. Let f(o) = -3*o - 1 - 3*o + 8*o - p. Calculate f(t).
-12
Let f(h) = -h - 2. Suppose -2*t + 4*x = 10, 2*t - 2*x = -x + 2. Suppose 2*s = -3*s + 15, t*p + 4*s - 27 = 0. Suppose 13 - 3 = p*o. What is f(o)?
-4
Let g(d) = 3 + 7 + 20*d - 21*d. Determine g(12).
-2
Suppose -4*d - 4*d + 24 = 0. Let w(h) = 7*h**2 - 9*h + 3. Let u(i) = i**2 - i. Let l(y) = 6*u(y) - w(y). Give l(d).
-3
Let j(x) be the third derivative of x**6/120 + x**5/5 + 19*x**4/24 - 5*x**3/3 - 79*x**2. What is j(-10)?
0
Suppose -3*k = 38 - 5. Let g = k + 13. Let l(h) = 3*h - 2*h - 4*h + g*h. Determine l(-8).
8
Let l(b) = b**3 - 12*b**2 + 12*b + 11. Let q(t) = t**3 - 11*t**2 + 11*t + 10. Let h(a) = -6*l(a) + 7*q(a). Determine h(4).
8
Suppose -4*p + z - 4 = 31, 47 = -5*p - 2*z. Let l(y) = y**3 + 9*y**2 - y - 8. Give l(p).
1
Let a(s) = s**2 - 2*s - 2. Let x(i) = 2*i**2 - 23*i + 14. Let r be x(11). Calculate a(r).
1
Let w(f) be the third derivative of -f**5/12 + f**4/8 - f**2. Let o be (130/18 - 7)*9. Determine w(o).
-14
Let z(k) = -2*k**3 + k**2 + 2*k - 9. Let d(i) = i**3 - i + 5. Let x(p) = -7*d(p) - 4*z(p). What is x(4)?
-3
Let l(c) = -14*c + 65*c - 48*c + 7. Give l(0).
7
Let d(b) be the first derivative of -b**2/2 + b + 33. Determine d(-7).
8
Let p(c) = -5*c + 13. Let q = -894 + 898. Calculate p(q).
-7
Let o(j) = j + 4. Suppose -6*d - 24 = -18. Let b be -1*(-1 + -1)*d. Calculate o(b).
2
Let t(i) = -136*i - 20. Let f(v) = -29*v - 4. Let o(a) = 28*f(a) - 6*t(a). Determine o(-3).
-4
Suppose 4*z + d - 14 = 0, 3*z + 2 = 5*z + 3*d. Let o(b) = -2 - z - b - 3. Determine o(-7).
-2
Let j(c) = c**2 + 4*c + 3. Let y = -27 + 30. Suppose 0 = 16*i - y*i + 65. What is j(i)?
8
Suppose 17 = 6*z - 13. Let l(v) = -2*v + z + v**3 + 1 + 4*v - 6*v**2. Determine l(5).
-9
Let h(m) = -m**2 + 9*m - 3. Let z(v) = -4*v**2 + 37*v - 11. Let n(y) = 9*h(y) - 2*z(y). Let b be n(5). Let c(x) = -x**2 + 5*x - 4. Calculate c(b).
-4
Let m(h) be the first derivative of -h**5/20 - h**4/2 + 2*h**3/3 - 28*h + 32. Let q(z) be the first derivative of m(z). Determine q(-6).
-24
Let i(r) = 6*r - 1. Let t be ((-3)/(-4))/((-12)/(-64)). Let l(p) = -7*p + 2. Let w(n) = t*i(n) + 3*l(n). What is w(-3)?
-7
Suppose 5*w = 10 + 40. Suppose -5*z + w = -0*z. Suppose 13 = 6*j - 3*j - z*f, -3*j + 23 = -4*f. Let c(o) = -12*o**3 + o**2 - 1. Give c(j).
-12
Suppose -5*n = 20, 194 + 66 = 5*f + 5*n. Suppose -f*m = -57*m + 1. Let x(b) = 12*b + 3. Let d(u) = 13*u + 4. Let z(v) = 4*d(v) - 5*x(v). Determine z(m).
-7
Let d(j) = -j**2 + 35*j - 96. Let c be d(3). Let h(z) = z**2 - 40. Calculate h(c).
-40
Let y be (-21 - (-2 - 0)) + 7. Let g(f) = f**2 + 11*f - 13. What is g(y)?
-1
Let n(i) = -3*i - 3. Let w be n(-6). Suppose 2*p + 3*p + w = 0. Let y(v) be the third derivative of -v**4/6 - 2*v**3/3 + 7*v**2 + 10. Give y(p).
8
Let o = 273 + -269. Let h(l) = l**2 - l - 3. Determine h(o).
9
Suppose 5*t - 3*t = 6. Let j(w) = -1 + 9*w + t*w - 13*w. Let l = -24 + 30. Determine j(l).
-7
Suppose 0 = c + 3, 0*b - 5*c = 3*b + 21. Let w(l) = -l**3 - 6*l**2 + 2*l + 2. Let d(r) = 4*r**3 + 25*r**2 - 8*r - 8. Let v(a) = b*d(a) - 9*w(a). What is v(-3)?
13
Let r(m) be the first derivative of m**3/3 + 4*m**2 - m - 1. Let t(q) = 5*q**3 + 8*q**2 + 11*q + 4. Let z be t(-1). Give r(z).
-17
Let j(f) = -15*f**2 + f**3 + 3*f + 20*f**2 + 13 - 16. Let w(u) = u**2 - 10*u - 5. Let c be w(10). Let g be (18/30)/(1/c). What is j(g)?
6
Let a(f) = -5*f**2 + 52*f**3 + 26*f**3 - 3 + 3*f - 77*f**3. Suppose q - 5 = 3*p + 13, 3*p + 54 = 4*q. Let t = -8 + q. What is a(t)?
-7
Let y(s) = s**3 + 7*s**2 + 2*s + 10. Let k be (-14)/6*(8 + -5). Let n(g) = g**3 + 5*g**2 - 16*g - 21. Let j be n(k). Determine y(j).
-4
Let r(u) = -5 - 2 + 7*u - 80*u**2 + 81*u**2. What is r(-5)?
-17
Let u(d) = -2*d**2 - 3*d. Let g be (1/2)/(4/16). Suppose -2*v + 3*r - 5 = -7*v, -3*v + 4 = g*r. Determine u(v).
-2
Let o(v) = v**2 + 7*v + 5. Let p(b) = 3*b**2 + 14*b + 11. Let z(q) = 5*o(q) - 2*p(q). Give z(6).
9
Let p(g) = 8*g - 1 + 0*g - 9 + 7 + 6. Calculate p(4).
35
Let c be ((-30)/12)/((-10)/8). Let x(u) = 3*u + 7*u + 4*u - c*u. Give x(2).
24
Let j = 172 - 174. Let y(o) be the third derivative of o**6/360 + o**5/40 - o**4/24 - o**2. Let f(x) be the second derivative of y(x). What is f(j)?
-1
Let n(u) = u**3 - 46*u**2 + 168*u - 1. Let a be n(42). Let p(w) = 7*w**2 - w. Calculate p(a).
8
Let m(t) = t**2 + 7*t + 3. Let z be m(-6). Let j(v) = 144 - 47 + 2*v - 44 - 53. G